 be n(5). Let h = -1 + p. Let a(i) = -7*i + 4. Let j(l) = -13*l + 7. Let b(k) = 11*a(k) - 6*j(k). Give b(h).
5
Let g(d) = -4*d - 1. Suppose 128 = 5*f - 17. Let b = f + -26. Calculate g(b).
-13
Let z(n) = -n**2 - 5*n + 5. Let a = 2 + 8. Suppose -2*u + a + 0 = 0. Let f(b) = 2*b**2 + 8*b - 8. Let x(o) = u*f(o) + 8*z(o). Calculate x(1).
2
Let g(s) be the second derivative of 2*s**3/3 - 3*s**2 - 19*s. Determine g(4).
10
Let r(g) be the second derivative of -g**5/20 - g**4/12 + 2*g**3/3 - 3*g**2/2 - 2*g. Suppose 20 = -2*u - 4. Let c be (-2)/8 - 27/u. Calculate r(c).
-7
Suppose -10 = -5*c - 5. Let x(d) be the first derivative of -d**4/4 - d**2 + d + 71. Determine x(c).
-2
Let f(c) = -3*c**3 - 5*c**2 + 8*c + 12. Let v(b) = b**3 + 2*b**2 - 3*b - 4. Let a(u) = 6*f(u) + 17*v(u). Calculate a(3).
4
Let a(j) = -j**3 - 5*j**2 - j + 1. Let r be a(-5). Let l(m) = -m**2 + 5*m - 3. What is l(r)?
-9
Let x(p) = 7*p**3 + p**2 - p - 1. Let w(l) = -5*l**2 + 5 - 6*l + 2*l**2 + 2*l**2. Let d be w(-7). Let u be 0/d + 1 + -2. What is x(u)?
-6
Let d(a) = -a**3 + a**2. Let u(k) = -4*k**3 + 6*k**2 - 2*k + 3. Let m(f) = 5*d(f) - u(f). Give m(-3).
9
Let w(d) = -d**2 - 4*d + 4. Let l(o) = -o**2 - 4*o + 4. Let t(p) = 5*l(p) - 6*w(p). Give t(-5).
1
Let k(z) = -z**3 + 3*z + 5 - 2*z + 2*z**2 - 7 - 3*z. What is k(2)?
-6
Let z(o) = -o**2 + 9*o - 13. Let x be z(7). Let f(r) = -8*r**2 + r - 1. Calculate f(x).
-8
Let k(x) = 2*x + 5. Let v = -31 - -27. What is k(v)?
-3
Suppose 8*c - 10*c = 2*a, 2 = 3*a + c. Let m(k) = 12*k**2. Give m(a).
12
Let z(v) be the third derivative of -v**6/120 - v**5/60 + v**4/24 + v**3/6 + 3*v**2. Suppose 4*t + 4 = 2*j - 0*t, 4*j = -4*t - 16. Determine z(j).
3
Suppose 1 = 5*o - q, 3 - 1 = 5*o - 2*q. Let h(d) = o*d + 0*d + 3*d - 7 + 2. Calculate h(5).
10
Let r(m) = m + 8. Let t(c) = -3*c + 3. Suppose h = 3*p, -2*h - 6 = -3*h - 3*p. Let v be t(h). What is r(v)?
2
Let k(w) = 2*w**2 + 2*w + 3. Let c(b) = b**2 - 2*b + 3. Let o be c(2). Suppose -h - 3 = z, 5*h + o*z = z - 12. Give k(h).
7
Let a = 6 - 3. Let b(s) = 7*s - 2 - 4*s + 4 + 2 - 3*s**2 - s**a. Suppose 2*m + 5 = -1. Give b(m).
-5
Let x = -8 - -10. Let r(k) = -4 + 12*k + 0 - 16*k + k**x. Calculate r(5).
1
Let x(o) = 2*o - 1. Let q = 2 - 0. Suppose -4 = 5*n + 1, 3*f - q = -4*n. Determine x(f).
3
Let i(c) = -2*c - 3. Let j be i(-4). Suppose j = -5*n - w - 2*w, -4*n - 31 = -3*w. Let x(b) = -b**3 - 3*b**2 + 3*b - 4. Determine x(n).
0
Suppose 14*a - 50 = 19*a - 3*t, 4*a = -3*t - 13. Let h(f) = -f**2 - 5*f + 1. Give h(a).
-13
Let j(y) = y**3 - 5*y**2 + y + 2. Let l(d) = d**3 - 5*d**2 + d + 1. Let m(c) = 4*j(c) - 3*l(c). Determine m(4).
-7
Let j(y) = -y**3 - 2*y**2 + 4*y + 4. Suppose 21*m = 42 - 105. Determine j(m).
1
Suppose 5*d - 7*d = -6. Suppose 0*a + d*t = a - 3, t = 2*a - 6. Let s(q) = a*q**2 - 3 - 8*q**3 - 6*q + 2 + 9*q**3. Give s(-4).
7
Suppose 4*f = -f. Suppose b = -f*b + 1. Let l(j) = 6*j**3 + j**2 - j + 1. Give l(b).
7
Let t = -2 + 4. Suppose 2*b - 1 = -m + 12, 4*m = t*b + 2. Let z(x) = 1 - 5 + 3*x + 0. What is z(m)?
5
Let o(t) = -30*t**3 + 3*t**2 - 11*t. Let s(a) = 10*a**3 - a**2 + 4*a. Let k(g) = -4*o(g) - 11*s(g). Give k(1).
9
Let g(t) = t**3 + 4*t**2 - 6*t - 5. Let b = 16 - 21. Calculate g(b).
0
Let r(d) = d - 6. Suppose 0 = -3*n - 2*k + 23, 0*k = 2*n + 4*k - 18. Let i be r(n). Let z(g) = -5*g**2 - 2*g + 1. Determine z(i).
-6
Let t(n) = -4*n + n**2 - n + 5 - 3. Let b be (-3 + 2)*(0 + 0). Suppose 0 = -2*r - 4*m + 30, 4*m = 2*r - b*r + 10. Calculate t(r).
2
Suppose 0*r - 6 = -3*r. Let l(i) be the second derivative of -i**4/8 - i**3/6 - 3*i**2/2 - 5*i. Let p(t) be the first derivative of l(t). Determine p(r).
-7
Let c(m) = 4*m**3 + 3*m**2 + 2*m + 4. Let u(o) = 5*o**3 + 4*o**2 + 3*o + 5. Let q(n) = -4*c(n) + 3*u(n). Give q(2).
-7
Let p(i) be the first derivative of i**7/840 - i**6/90 - i**5/120 + i**4/8 + i**3/3 - 1. Let f(o) be the third derivative of p(o). Calculate f(3).
-9
Suppose 0 = 3*v - r + 6*r - 41, v - 11 = -r. Let w(z) = -v*z - 9 + 4*z - 3*z + 4*z. Determine w(-7).
5
Let s = -45 + 41. Let y(f) = -7*f - 6. Give y(s).
22
Let u(d) = 3*d + 1. Let t(o) = -5*o**2 - 2*o**3 - 5*o + 2 + o**3 - 4. Let b be t(-4). Suppose -2*g - 3 = -4*m - 11, -b*g = m + 7. Determine u(g).
-5
Let c(b) = -2*b - 5. Let s be ((-6)/(-12))/(1/4). Let f be 5 + -2 + 0/s. Suppose 0 = -6*p + f*p - 15. Calculate c(p).
5
Let b = 68 + -60. Let q(f) = f**3 - 8*f**2 - f + 7. Determine q(b).
-1
Let r(y) = 5 + 4*y**2 + 0 - 4 - 7*y + 14*y**3. Let i(h) = 5*h**3 - 2*h + 5*h**3 + h**2 - 5*h**3. Let w(u) = 11*i(u) - 4*r(u). What is w(-6)?
-4
Let u(h) = h**3 + h**2 - h + 1. Let z(l) = -10*l**3 - 3*l**2 + 4*l - 3. Let s(j) = 2*u(j) + z(j). Let n be 21/28 - (-2)/8. Calculate s(n).
-8
Suppose -13*u = -17*u + 24. Let m(b) be the first derivative of 1/4*b**4 - 1 - 4/3*b**3 + b**2 - u*b. Determine m(4).
2
Let z(a) = -a - 4*a - 9 - 4*a + a - a**2. What is z(-6)?
3
Let a(c) = 2*c**2 + 3*c - 4. Let q = 16 - 19. Determine a(q).
5
Let y(l) = l + 3. Let n = -14 - -23. Suppose k + n = q, k + 3*q + 2*q = 9. Determine y(k).
-3
Let l(m) be the first derivative of 3 + 0*m**2 + m - 5/3*m**3. Let g(i) = i**3 + i + 1. Let p be g(0). Give l(p).
-4
Let f(o) be the second derivative of 0*o**2 - 1/12*o**4 + 1/3*o**3 + 0 - 2*o. What is f(4)?
-8
Let y(i) = -5*i + 1. Suppose 4*x - 11 = -2*z + 1, -2*z = 2*x - 22. Let g = z + -18. Give y(g).
11
Let g(i) = -i - 11. Let h be g(-10). Let r be (9 - h)*(-2)/4. Let c = -3 - r. Let d(p) = p - 2. Determine d(c).
0
Let m(w) = -2*w - 2. Suppose -4 = i + 2. Determine m(i).
10
Suppose 3*b + 8 = 2*g - 24, 0 = b + 5*g - 12. Let l(x) = -4 + 5*x**2 + 7*x - 2*x**2 - 2*x**2. Let n be l(b). Let o(w) = w**3 - 4*w**2 - 4*w + 6. What is o(n)?
-10
Let a(k) = -7*k + 68*k**2 + 6 - 67*k**2 + 4 - 1. Give a(7).
9
Let b be (-2)/8 - 3/4. Let s(l) = -3*l**2 - 1. Let y(c) = -4*c**2 + c - 1. Let f(d) = -3*s(d) + 2*y(d). Determine f(b).
0
Let o(a) = a - 6*a**2 + 6*a + 2*a**3 - a**3 - 7. Suppose d - 6*d = 3*c + 22, 3*d = -6. Let y = c + 9. Determine o(y).
3
Let s(p) = -6*p**3 - p**2 + 1. Let h be -6 - (-2 - 0/(-1)). Let f = h - -5. Determine s(f).
-6
Let d(g) be the third derivative of g**7/5040 + g**6/144 + g**5/60 - g**2. Let p(y) be the third derivative of d(y). Determine p(-5).
0
Let x be (-2)/(-8)*(2 + 2). Suppose b + x = 7. Let r(a) = -a**2 + 5*a + 7. What is r(b)?
1
Let p(g) = 1 - 5*g**2 - 18*g - 4*g**3 + 19*g + 6*g**2. What is p(-1)?
5
Let g(d) = -d**3 - 4*d**2 - d - 2. Let b be g(-3). Let o = b + 7. Let a(c) = -c. Determine a(o).
1
Let h(i) = -i + 3. Suppose 2*w + x + 8 = 0, 3*w - 2 + 3 = 4*x. What is h(w)?
6
Let b(f) = f**3 - 4*f**2 + 3*f + 3. Let g(x) = 2*x + 39. Let u be g(-18). What is b(u)?
3
Suppose 2*y - 8 = 0, 2*c - 3*y + 0*y + 22 = 0. Let s(v) be the second derivative of v**3/6 - v**2 - 3*v. Give s(c).
-7
Let c(o) be the third derivative of -o**5/30 + 6*o**2. Determine c(-1).
-2
Let y(k) = k**3 - 16*k**2 + 17*k - 28. Let h be y(15). Let o(d) = 8*d - 3. Determine o(h).
13
Let l(k) = k + 5. Let j(v) = v. Let n(z) = -2*j(z) + l(z). Determine n(-4).
9
Let q(j) = -j. Let k(o) = 12*o - 3*o - 2*o**2 + 3*o**2 + 2. Let c(s) = k(s) + 2*q(s). Determine c(-5).
-8
Let r(l) = -l + 18. Let w be r(16). Let v(f) = -f**3 - 1 + 5*f**2 + w*f**3 - 2*f**2 + 3*f + f. Determine v(-3).
-13
Suppose 3*x - 3*u = 6, -3*u + 17 = 5. Let o(q) = q**3 - 7*q**2 + 7*q + 8. Calculate o(x).
14
Let v be (-448)/(-80) - 6/10. Let x(g) = -g**2 + 6*g - 4. Let k be x(4). Let l(c) = -c + 1. Let d(n) = 2*n - 1. Let b(u) = k*d(u) + v*l(u). Calculate b(1).
4
Let a(x) = 2*x**3 - x**2 - x - 1. Let f be -1*2*(-2)/(-4). Let w be a(f). Let b(c) = c - 4. Calculate b(w).
-7
Let i(b) = -b**2 - 2. Suppose 0 = 3*m - 3*w - 12, 5*w + 1 + 11 = m. Let n be 2/3 - 13/(-3). Suppose n*x = m*q + 11, -2*x + 4*x = q + 4. What is i(q)?
-6
Let x(j) = -2*j + 3. Let l(i) = 1 - 3 - i - 1 + 4*i**2 - 3*i**2. Let u be l(3). Calculate x(u).
-3
Let b(f) = -4*f**2 - 10*f - 16. Let w(t) = -4*t**2 - 9*t - 15. Let g(y) = -6*b(y) + 7*w(y). Let c(x) be the first derivative of g(x). Give c(-2).
13
Let q be (-4)/1*(-75)/30. Let x(w) = 0 + q*w - w - 1. Give x(1).
8
Suppose -r = -4*r + 12. Let a(v) = 2*v + r - 2 - v. Suppose -11*h = 2*h + 52. Give a(h).
-2
Let m = 6 - 4. Let f(s) = 2*s + 4 + s - m*s. Determine f(-3).
1
L